nd j?
14
Let u(d) = 6*d - 4. Let k be u(4). Let y be (14/(-2))/((-5)/k). Calculate the greatest common divisor of 70 and y.
14
Suppose -3 = 3*h, -4 + 3 = -2*l - 5*h. Let b be 15 + (2 - 3/l). What is the highest common factor of b and 8?
8
Suppose -10 = -5*n + 90. Calculate the greatest common factor of 10 and n.
10
Let j be 267/18 - 2/(-12). Suppose -j = 2*r - 5*r. Let k(s) = -s**3 + 6*s**2 - 2*s + 7. Let v be k(r). What is the highest common divisor of 33 and v?
11
Suppose 53 = 5*w - 122. Let s = 49 + w. Calculate the highest common factor of 12 and s.
12
Suppose 0 = 2*d - 8*d + 156. Let g = 37 - d. Calculate the highest common divisor of 77 and g.
11
Let y be 34/119 - 4089/(-21). What is the highest common divisor of 15 and y?
15
Let g be (-6)/(-10)*11*20/4. Calculate the highest common factor of g and 3.
3
Let j be 22*(-3 - (-16 - -2)). What is the greatest common factor of 22 and j?
22
Let i(z) = -z**2 + 14*z - 11. Let y be i(13). What is the greatest common factor of 1 and y?
1
Suppose 57 = 2*m - 41. Calculate the greatest common divisor of m and 7.
7
Let u = -209 + 308. Calculate the greatest common factor of u and 9.
9
Let a be (114/(-95))/((-1)/15). What is the highest common divisor of 72 and a?
18
Let i be (-3834)/(-12) + (-1)/(-2). Calculate the greatest common divisor of 40 and i.
40
Suppose -4*z + 59 = -73. Let k = z - 48. Let v = k + 23. Calculate the highest common factor of 8 and v.
8
Let t(o) = o**2 - 3*o + 3. Let j be t(-3). Suppose 2*k + 2*d = -0*d - 2, 5*d + j = -k. Let b be k*9/(-12)*-2. Calculate the greatest common factor of b and 6.
6
Let g be 6*(1/2 + 0). Suppose -g*n - 6 = 0, d - 3*n = -0*d + 10. What is the greatest common factor of d and 10?
2
Let m = 96 + -80. Calculate the greatest common divisor of 32 and m.
16
Let d be (-4)/8 - (-31)/2. Let w be (12/15)/(2/d). Calculate the highest common factor of w and 4.
2
Let w be 10/(-40) + 141/4. What is the highest common factor of 35 and w?
35
Let w(a) = -2*a**3 + 10*a**2 + 19*a - 6. Let f be w(6). Calculate the greatest common factor of f and 9.
9
Let i = 6 + 4. Let z = i + -8. Let l(d) = 5*d**2 + 2*d - 3. Let r be l(z). Calculate the highest common divisor of 21 and r.
21
Let c = 32 + -30. What is the highest common factor of c and 2?
2
Suppose 2 = -2*g + 8. Let v be (-3)/(g + 15/(-4)). Let x be (-10)/v*(2 - 8). What is the greatest common factor of 45 and x?
15
Let w = -140 + 160. Let s be ((-2)/(-5))/((-2)/(-10)). Calculate the highest common divisor of s and w.
2
Let t = -16 - -41. Calculate the highest common factor of 225 and t.
25
Suppose -v + 1 - 4 = -2*a, 3*a - v = 4. Calculate the greatest common divisor of 6 and a.
1
Suppose -1 = 2*b - 9, -s + 3*b - 14 = 0. Let p be (-32)/s*(-12)/(-2). Suppose -24*x = -22*x - 24. Calculate the highest common divisor of p and x.
12
Let b be 587/5 + 2 - 18/(-30). Suppose -4*j + 29 + 31 = 0. What is the highest common divisor of j and b?
15
Let n = -55 - -64. Calculate the highest common factor of n and 45.
9
Let b = 4 - -5. Let t be 6/b*9/2. What is the highest common factor of t and 15?
3
Let w(b) = b**2 + 5*b - 5. Let t be w(-6). Calculate the highest common factor of 8 and t.
1
Let d be 28/(-35)*-1*5. Let j(u) = 9*u - 1. Let a be j(d). What is the highest common factor of a and 7?
7
Let i = -31 - -33. What is the greatest common factor of i and 22?
2
Let m(o) be the third derivative of o**4/12 - o**3/6 + 2*o**2. Let i be m(3). Suppose -119 = -i*g + 41. What is the highest common factor of g and 16?
16
Let b = -24 + 54. Let t(x) = 8*x - 4. Let a be t(3). What is the greatest common divisor of a and b?
10
Let o be 0/2 + 0 - -88. Let t(m) = m**3 + 5*m**2 - 7*m - 8. Let w be t(-5). Let p = w + -19. What is the highest common divisor of p and o?
8
Let s be (-2 - -2)*(2 - 1). Suppose 0*d - v = d - 16, 5*d - v - 56 = s. Calculate the greatest common factor of 48 and d.
12
Let l(x) = 4*x**2 - x - 2. Let c be l(-2). Calculate the highest common factor of 4 and c.
4
Suppose -5 = -3*x + 31. Calculate the greatest common divisor of 24 and x.
12
Let i be (-93)/(-6) + 1/2. What is the greatest common factor of 32 and i?
16
Let s = -3 + 3. Suppose s = 3*h - 6*h - 6. Let p(j) = -40*j - 3. Let y be p(h). What is the highest common factor of 11 and y?
11
Let y = -48 - -68. Suppose 4*z = y, 0 = 5*s + z - 199 - 91. Calculate the highest common factor of s and 19.
19
Let p = 61 + -25. What is the highest common divisor of p and 288?
36
Let u(f) = 3*f - 3. Let n be u(5). Let v be -2*(-2)/n*12. Suppose -381 = -4*o - v*c + 3*c, -5*c + 465 = 5*o. Calculate the highest common divisor of o and 12.
12
Let u be -5 + (-19)/(-4) - (-77)/4. What is the greatest common factor of u and 209?
19
Let q(s) = -s**3 - s**2 + 4*s + 5. Let x be q(-4). Let t be (-6)/21 - x/(-7). Let r = -3 - -58. Calculate the greatest common factor of t and r.
5
Suppose -103 - 17 = -4*d. What is the highest common divisor of 3 and d?
3
Let b = 3 - 0. Suppose -22 = -b*u - 1. What is the greatest common factor of u and 77?
7
Let h = 10 + -5. Suppose -2*v = 3*w - 88, h*v - 36 - 2 = -w. Let n be (-3 - (-3 - 2)) + w. What is the highest common factor of n and 12?
6
Let c(d) = d**3 + 5*d**2 - 2*d**3 - 3 - 2 + 4*d**2 + 5*d. Let v be c(8). What is the greatest common divisor of 9 and v?
9
Let s = -2 - -5. Suppose -3*t - 2*y = 8, 2*t - 5*y - s = t. Let m be 1/((-1)/t) + 110. What is the highest common divisor of 16 and m?
16
Let x(r) = r**2 + r. Let i be (-1)/3 + 60/18. Let g be x(i). Calculate the greatest common factor of g and 30.
6
Suppose 3*c + 0 = 27. Let v be ((-4 - -1) + 3)*-1. Let q be (v - -4) + -2 + c. What is the highest common factor of q and 33?
11
Let z(y) = 2 + 4*y**3 - 5*y**3 - 4. Let q be z(-2). Suppose 36 = 5*i - 2*i. What is the greatest common factor of i and q?
6
Let w = 4 + 1. Suppose w*u + 0*b + b = 175, -4*b = -2*u + 70. Calculate the greatest common divisor of u and 7.
7
Let s = 38 - 19. Calculate the greatest common divisor of s and 38.
19
Suppose -5*s + 27 = 2*v, v - 1 = -0. Calculate the highest common factor of 10 and s.
5
Let h = 104 + -16. Calculate the greatest common factor of 11 and h.
11
Suppose 0*y + 5*y - 480 = 0. Suppose 3*j - 6*j = -t + 19, 0 = -4*t + 3*j + 40. Let k = 19 - t. Calculate the greatest common divisor of k and y.
12
Let o(l) = -l. Let s be o(-3). Let j be 1 + s + (4 - 7). Let g be 3 + -1*(-1 + 0). What is the highest common divisor of g and j?
1
Let s = 244 - 136. Calculate the greatest common divisor of s and 4.
4
Let c = -3 + 5. Suppose -5*k + 40 = c*u - 27, -2*u - 11 = -k. Calculate the greatest common divisor of k and 143.
13
Let n be 15 - 2/(-4)*4*-1. What is the highest common factor of 52 and n?
13
Suppose -3 = -c + r + 3, c - 3*r - 10 = 0. Let k be (c - 3/1)*0. Suppose k = -5*i + 20, -4*p + p + 276 = 3*i. What is the highest common divisor of p and 11?
11
Let k be 34 - 1 - (-14 - -17). Calculate the greatest common factor of k and 6.
6
Let v(t) = -t**3 + 5*t**2 - 3*t + 7. Let z be v(5). Let i be ((-16)/z)/((-1)/(-2)). What is the greatest common divisor of 44 and i?
4
Let r be 6*(-1 - (-41)/2). Let c(o) = 2*o**2 + 3*o - 5. Let u be c(2). Let a be (1 - -25)*u/18. Calculate the highest common divisor of r and a.
13
Suppose 3*x - 28 = -10. Let v be 20/12 + 2/x. Suppose -55 = -3*d - v*a, -5*a - 16 = 4. Calculate the greatest common factor of 189 and d.
21
Let t = -4 - -7. Suppose i - 4*i + t = 0. Let d(x) = -x + 4. Let o be d(2). What is the highest common factor of o and i?
1
Let m = -88 - -93. What is the greatest common divisor of m and 65?
5
Suppose -3*q + 15 + 30 = 0. Suppose 4*j - 111 - 549 = 0. Calculate the highest common divisor of q and j.
15
Suppose -x = -5*j + 28, 0 = -j + 4*x + 26 - 9. Suppose -5*w + 37 = 12. Calculate the greatest common divisor of j and w.
5
Let h = 74 - 50. What is the greatest common divisor of 60 and h?
12
Suppose 3*q - 12 = 2*q. Calculate the greatest common divisor of 4 and q.
4
Let t(q) = -q. Let d be t(-2). Suppose 0*s = -s - d*a + 17, 2*a = 6. Let z be (-1)/4 - 90/(-8). What is the highest common factor of s and z?
11
Let d(b) = -2*b**3 - 2*b**2 - 2*b - 1. Let n be d(-1). Suppose 1 = 2*o - n. Calculate the greatest common factor of 7 and o.
1
Suppose 2*v = -0*v + 8. Let s(t) = -2*t + 12. Let